[INFO] cloning repository https://github.com/Mic92/vmsh
[INFO] running `Command { std: "git" "-c" "credential.helper=" "-c" "credential.helper=/workspace/cargo-home/bin/git-credential-null" "clone" "--bare" "https://github.com/Mic92/vmsh" "/workspace/cache/git-repos/https%3A%2F%2Fgithub.com%2FMic92%2Fvmsh", kill_on_drop: false }`
[INFO] [stderr] Cloning into bare repository '/workspace/cache/git-repos/https%3A%2F%2Fgithub.com%2FMic92%2Fvmsh'...
[INFO] running `Command { std: "git" "rev-parse" "HEAD", kill_on_drop: false }`
[INFO] [stdout] bc1e8b777573ee16b4580df0892d32826afa977c
[INFO] building Mic92/vmsh against master#ff34b919075f35a1787659e9c448a34b06bab8de for issue-85264
[INFO] running `Command { std: "git" "clone" "/workspace/cache/git-repos/https%3A%2F%2Fgithub.com%2FMic92%2Fvmsh" "/workspace/builds/worker-1/source", kill_on_drop: false }`
[INFO] [stderr] Cloning into '/workspace/builds/worker-1/source'...
[INFO] [stderr] done.
[INFO] validating manifest of git repo https://github.com/Mic92/vmsh on toolchain ff34b919075f35a1787659e9c448a34b06bab8de
[INFO] running `Command { std: "/workspace/cargo-home/bin/cargo" "+ff34b919075f35a1787659e9c448a34b06bab8de" "metadata" "--manifest-path" "Cargo.toml" "--no-deps", kill_on_drop: false }`
[INFO] started tweaking git repo https://github.com/Mic92/vmsh
[INFO] finished tweaking git repo https://github.com/Mic92/vmsh
[INFO] tweaked toml for git repo https://github.com/Mic92/vmsh written to /workspace/builds/worker-1/source/Cargo.toml
[INFO] crate git repo https://github.com/Mic92/vmsh already has a lockfile, it will not be regenerated
[INFO] running `Command { std: "/workspace/cargo-home/bin/cargo" "+ff34b919075f35a1787659e9c448a34b06bab8de" "fetch" "--manifest-path" "Cargo.toml", kill_on_drop: false }`
[INFO] [stderr]     Blocking waiting for file lock on package cache
[INFO] [stderr]  Downloading crates ...
[INFO] [stderr]   Downloaded bcc v0.0.31
[INFO] [stderr]   Downloaded container-pid v0.1.0
[INFO] [stderr]   Downloaded event-manager v0.2.1
[INFO] [stderr]   Downloaded kvm-bindings v0.4.0
[INFO] [stderr]   Downloaded bcc-sys v0.18.0
[INFO] [stderr]   Downloaded vmm-sys-util v0.8.0
[INFO] running `Command { std: "docker" "create" "-v" "/var/lib/crater-agent-workspace/builds/worker-1/target:/opt/rustwide/target:rw,Z" "-v" "/var/lib/crater-agent-workspace/builds/worker-1/source:/opt/rustwide/workdir:ro,Z" "-v" "/var/lib/crater-agent-workspace/cargo-home:/opt/rustwide/cargo-home:ro,Z" "-v" "/var/lib/crater-agent-workspace/rustup-home:/opt/rustwide/rustup-home:ro,Z" "-e" "SOURCE_DIR=/opt/rustwide/workdir" "-e" "CARGO_TARGET_DIR=/opt/rustwide/target" "-e" "CARGO_HOME=/opt/rustwide/cargo-home" "-e" "RUSTUP_HOME=/opt/rustwide/rustup-home" "-w" "/opt/rustwide/workdir" "-m" "1610612736" "--user" "0:0" "--network" "none" "ghcr.io/rust-lang/crates-build-env/linux@sha256:20528e8c29e4536546f0102ce88568b16ea7538393a33fcca951030f7af10457" "/opt/rustwide/cargo-home/bin/cargo" "+ff34b919075f35a1787659e9c448a34b06bab8de" "metadata" "--no-deps" "--format-version=1", kill_on_drop: false }`
[INFO] [stdout] fa9c13d0365fe63ca8315a901f7f617714d52a306047db8b414d47daea428c6c
[INFO] [stderr] WARNING: Your kernel does not support swap limit capabilities or the cgroup is not mounted. Memory limited without swap.
[INFO] running `Command { std: "docker" "start" "-a" "fa9c13d0365fe63ca8315a901f7f617714d52a306047db8b414d47daea428c6c", kill_on_drop: false }`
[INFO] running `Command { std: "docker" "inspect" "fa9c13d0365fe63ca8315a901f7f617714d52a306047db8b414d47daea428c6c", kill_on_drop: false }`
[INFO] running `Command { std: "docker" "rm" "-f" "fa9c13d0365fe63ca8315a901f7f617714d52a306047db8b414d47daea428c6c", kill_on_drop: false }`
[INFO] [stdout] fa9c13d0365fe63ca8315a901f7f617714d52a306047db8b414d47daea428c6c
[INFO] running `Command { std: "docker" "create" "-v" "/var/lib/crater-agent-workspace/builds/worker-1/target:/opt/rustwide/target:rw,Z" "-v" "/var/lib/crater-agent-workspace/builds/worker-1/source:/opt/rustwide/workdir:ro,Z" "-v" "/var/lib/crater-agent-workspace/cargo-home:/opt/rustwide/cargo-home:ro,Z" "-v" "/var/lib/crater-agent-workspace/rustup-home:/opt/rustwide/rustup-home:ro,Z" "-e" "SOURCE_DIR=/opt/rustwide/workdir" "-e" "CARGO_TARGET_DIR=/opt/rustwide/target" "-e" "CARGO_INCREMENTAL=0" "-e" "RUST_BACKTRACE=full" "-e" "RUSTFLAGS=--cap-lints=forbid" "-e" "CARGO_HOME=/opt/rustwide/cargo-home" "-e" "RUSTUP_HOME=/opt/rustwide/rustup-home" "-w" "/opt/rustwide/workdir" "-m" "1610612736" "--user" "0:0" "--network" "none" "ghcr.io/rust-lang/crates-build-env/linux@sha256:20528e8c29e4536546f0102ce88568b16ea7538393a33fcca951030f7af10457" "/opt/rustwide/cargo-home/bin/cargo" "+ff34b919075f35a1787659e9c448a34b06bab8de" "build" "--frozen" "--message-format=json", kill_on_drop: false }`
[INFO] [stdout] aed31bc61a6bb39ba87597e3d2d4f955f215c7e89eef0faa95164c2f0b9ed9f5
[INFO] [stderr] WARNING: Your kernel does not support swap limit capabilities or the cgroup is not mounted. Memory limited without swap.
[INFO] running `Command { std: "docker" "start" "-a" "aed31bc61a6bb39ba87597e3d2d4f955f215c7e89eef0faa95164c2f0b9ed9f5", kill_on_drop: false }`
[INFO] [stderr]     Blocking waiting for file lock on package cache
[INFO] [stderr]    Compiling libc v0.2.94
[INFO] [stderr]    Compiling proc-macro2 v1.0.26
[INFO] [stderr]    Compiling cfg-if v1.0.0
[INFO] [stderr]    Compiling unicode-xid v0.2.2
[INFO] [stderr]    Compiling regex-syntax v0.6.25
[INFO] [stderr]    Compiling byteorder v1.4.3
[INFO] [stderr]    Compiling bcc-sys v0.18.0
[INFO] [stderr]    Compiling strsim v0.8.0
[INFO] [stderr]    Compiling simple-error v0.2.3
[INFO] [stderr]    Compiling vec_map v0.8.2
[INFO] [stderr]    Compiling humantime v2.1.0
[INFO] [stderr]    Compiling vmsh v0.1.0 (/opt/rustwide/workdir)
[INFO] [stderr]    Compiling ansi_term v0.11.0
[INFO] [stderr]    Compiling vm-device v0.1.0 (https://github.com/rust-vmm/vm-device?rev=989c315712b80a538331fe05716323f2f64abf2e#989c3157)
[INFO] [stderr]    Compiling kvm-bindings v0.4.0
[INFO] [stderr]    Compiling textwrap v0.11.0
[INFO] [stderr]    Compiling aho-corasick v0.7.18
[INFO] [stderr]    Compiling log v0.4.14
[INFO] [stderr]    Compiling quote v1.0.9
[INFO] [stderr]    Compiling syn v1.0.72
[INFO] [stderr]    Compiling vmm-sys-util v0.8.0
[INFO] [stderr]    Compiling nix v0.20.0
[INFO] [stderr]    Compiling atty v0.2.14
[INFO] [stderr]    Compiling container-pid v0.1.0
[INFO] [stderr]    Compiling clap v2.33.3
[INFO] [stderr]    Compiling regex v1.5.4
[INFO] [stderr] error: failed to run custom build command for `vmsh v0.1.0 (/opt/rustwide/workdir)`
[INFO] [stderr] 
[INFO] [stderr] Caused by:
[INFO] [stderr]   process didn't exit successfully: `/opt/rustwide/target/debug/build/vmsh-822f9bf7a7d7a3b2/build-script-build` (exit status: 101)
[INFO] [stderr]   --- stdout
[INFO] [stderr]   cargo:rerun-if-changed=src/stage1/build.rs
[INFO] [stderr]   cargo:rerun-if-changed=src/stage1/module.c
[INFO] [stderr]   cargo:rerun-if-changed=src/stage1/Makefile
[INFO] [stderr]   cargo:rerun-if-changed=src/stage1/src/lib.rs
[INFO] [stderr]   cargo:rerun-if-changed=src/stage1/src/printk.rs
[INFO] [stderr]   rerun-if-env-changed=KERNELDIR
[INFO] [stderr]   vmsh/build.rs:83: cd /opt/rustwide/workdir/src/stage1 && cargo build --release
[INFO] [stderr]   vmsh/build.rs:36: Executing "cargo" "build" "--release"
[INFO] [stderr]   vmsh/build.rs:36: Executing "cargo" "build" "--release" "--target=x86_64-unknown-linux-musl"
[INFO] [stderr]   vmsh/build.rs:40: Command "cargo" "build" "--release" finished successfully
[INFO] [stderr]   vmsh/build.rs:97: ln -sf /opt/rustwide/workdir/src/stage1/target/release/libstage1.a /opt/rustwide/workdir/src/stage1/libstage1.o
[INFO] [stderr] 
[INFO] [stderr]   --- stderr
[INFO] [stderr]      Compiling libc v0.2.94
[INFO] [stderr]       Blocking waiting for file lock on build directory
[INFO] [stderr]      Compiling stage1 v0.1.0 (/opt/rustwide/workdir/src/stage1)
[INFO] [stderr]       Finished release [optimized] target(s) in 2.51s
[INFO] [stderr]      Compiling libc v0.2.94
[INFO] [stderr]      Compiling bitflags v1.2.1
[INFO] [stderr]      Compiling cfg-if v1.0.0
[INFO] [stderr]      Compiling simple-error v0.2.3
[INFO] [stderr]   thread '<unnamed>' panicked at 'failed to symlink /opt/rustwide/workdir/src/stage1/target/release/libstage1.a to /opt/rustwide/workdir/src/stage1/libstage1.o', build.rs:104:9
[INFO] [stderr]   stack backtrace:
[INFO] [stderr]      0:     0x558678fa98d0 - std::backtrace_rs::backtrace::libunwind::trace::hdcf4f90f85129e83
[INFO] [stderr]                                  at /rustc/ff34b919075f35a1787659e9c448a34b06bab8de/library/std/src/../../backtrace/src/backtrace/libunwind.rs:90:5
[INFO] [stderr]      1:     0x558678fa98d0 - std::backtrace_rs::backtrace::trace_unsynchronized::h2669e30cb82f6732
[INFO] [stderr]                                  at /rustc/ff34b919075f35a1787659e9c448a34b06bab8de/library/std/src/../../backtrace/src/backtrace/mod.rs:66:5
[INFO] [stderr]      2:     0x558678fa98d0 - std::sys_common::backtrace::_print_fmt::hfbda19e17f6db318
[INFO] [stderr]                                  at /rustc/ff34b919075f35a1787659e9c448a34b06bab8de/library/std/src/sys_common/backtrace.rs:67:5
[INFO] [stderr]      3:     0x558678fa98d0 - <std::sys_common::backtrace::_print::DisplayBacktrace as core::fmt::Display>::fmt::h1a8751bf59281272
[INFO] [stderr]                                  at /rustc/ff34b919075f35a1787659e9c448a34b06bab8de/library/std/src/sys_common/backtrace.rs:46:22
[INFO] [stderr]      4:     0x558678fc8a1f - core::fmt::write::h7aa6cd0067dca82a
[INFO] [stderr]                                  at /rustc/ff34b919075f35a1787659e9c448a34b06bab8de/library/core/src/fmt/mod.rs:1094:17
[INFO] [stderr]      5:     0x558678fa6f05 - std::io::Write::write_fmt::hd7dd3a1df9b6befb
[INFO] [stderr]                                  at /rustc/ff34b919075f35a1787659e9c448a34b06bab8de/library/std/src/io/mod.rs:1584:15
[INFO] [stderr]      6:     0x558678fab5fb - std::sys_common::backtrace::_print::h551e9ec8a9fa8106
[INFO] [stderr]                                  at /rustc/ff34b919075f35a1787659e9c448a34b06bab8de/library/std/src/sys_common/backtrace.rs:49:5
[INFO] [stderr]      7:     0x558678fab5fb - std::sys_common::backtrace::print::ha4b1c5e95fa040b3
[INFO] [stderr]                                  at /rustc/ff34b919075f35a1787659e9c448a34b06bab8de/library/std/src/sys_common/backtrace.rs:36:9
[INFO] [stderr]      8:     0x558678fab5fb - std::panicking::default_hook::{{closure}}::h0b34c9ab7fb9f857
[INFO] [stderr]                                  at /rustc/ff34b919075f35a1787659e9c448a34b06bab8de/library/std/src/panicking.rs:208:50
[INFO] [stderr]      9:     0x558678fab0dd - std::panicking::default_hook::h3067e8318decd17a
[INFO] [stderr]                                  at /rustc/ff34b919075f35a1787659e9c448a34b06bab8de/library/std/src/panicking.rs:225:9
[INFO] [stderr]     10:     0x558678fabbad - std::panicking::rust_panic_with_hook::h81b8facc50f34daa
[INFO] [stderr]                                  at /rustc/ff34b919075f35a1787659e9c448a34b06bab8de/library/std/src/panicking.rs:591:17
[INFO] [stderr]     11:     0x558678fab7a7 - std::panicking::begin_panic_handler::{{closure}}::ha376ab85d95a000e
[INFO] [stderr]                                  at /rustc/ff34b919075f35a1787659e9c448a34b06bab8de/library/std/src/panicking.rs:497:13
[INFO] [stderr]     12:     0x558678fa9d8c - std::sys_common::backtrace::__rust_end_short_backtrace::h6795c8afdd1a77e6
[INFO] [stderr]                                  at /rustc/ff34b919075f35a1787659e9c448a34b06bab8de/library/std/src/sys_common/backtrace.rs:141:18
[INFO] [stderr]     13:     0x558678fab709 - rust_begin_unwind
[INFO] [stderr]                                  at /rustc/ff34b919075f35a1787659e9c448a34b06bab8de/library/std/src/panicking.rs:493:5
[INFO] [stderr]     14:     0x558678f83bcb - std::panicking::begin_panic_fmt::hf43a0025042538e2
[INFO] [stderr]                                  at /rustc/ff34b919075f35a1787659e9c448a34b06bab8de/library/std/src/panicking.rs:435:5
[INFO] [stderr]     15:     0x558678f87320 - build_script_build::build_stage1::{{closure}}::h57c0805fa33e2b0e
[INFO] [stderr]                                  at /opt/rustwide/workdir/build.rs:104:9
[INFO] [stderr]     16:     0x558678f935b9 - core::result::Result<T,E>::unwrap_or_else::h53ed24afbbcbe662
[INFO] [stderr]                                  at /rustc/ff34b919075f35a1787659e9c448a34b06bab8de/library/core/src/result.rs:821:23
[INFO] [stderr]     17:     0x558678f86a9f - build_script_build::build_stage1::haeaac5991b81333c
[INFO] [stderr]                                  at /opt/rustwide/workdir/build.rs:103:5
[INFO] [stderr]     18:     0x558678f8ca99 - core::ops::function::FnOnce::call_once::hd8bba78ee584689c
[INFO] [stderr]                                  at /rustc/ff34b919075f35a1787659e9c448a34b06bab8de/library/core/src/ops/function.rs:227:5
[INFO] [stderr]     19:     0x558678f8c4b9 - std::sys_common::backtrace::__rust_begin_short_backtrace::hf8436179b2521a7d
[INFO] [stderr]                                  at /rustc/ff34b919075f35a1787659e9c448a34b06bab8de/library/std/src/sys_common/backtrace.rs:125:18
[INFO] [stderr]     20:     0x558678f911f6 - std::thread::Builder::spawn_unchecked::{{closure}}::{{closure}}::h3ee4f69ed609a32e
[INFO] [stderr]                                  at /rustc/ff34b919075f35a1787659e9c448a34b06bab8de/library/std/src/thread/mod.rs:481:17
[INFO] [stderr]     21:     0x558678f92ec9 - <std::panic::AssertUnwindSafe<F> as core::ops::function::FnOnce<()>>::call_once::h3a6e96f89f3595be
[INFO] [stderr]                                  at /rustc/ff34b919075f35a1787659e9c448a34b06bab8de/library/std/src/panic.rs:344:9
[INFO] [stderr]     22:     0x558678f8c85c - std::panicking::try::do_call::hd59b79fd3d9987b5
[INFO] [stderr]                                  at /rustc/ff34b919075f35a1787659e9c448a34b06bab8de/library/std/src/panicking.rs:379:40
[INFO] [stderr]     23:     0x558678f8e09d - __rust_try
[INFO] [stderr]     24:     0x558678f8c711 - std::panicking::try::h561e70348a776130
[INFO] [stderr]                                  at /rustc/ff34b919075f35a1787659e9c448a34b06bab8de/library/std/src/panicking.rs:343:19
[INFO] [stderr]     25:     0x558678f93299 - std::panic::catch_unwind::h7cfd7c77e0c93d5f
[INFO] [stderr]                                  at /rustc/ff34b919075f35a1787659e9c448a34b06bab8de/library/std/src/panic.rs:431:14
[INFO] [stderr]     26:     0x558678f90d3a - std::thread::Builder::spawn_unchecked::{{closure}}::h6883345d64eabf91
[INFO] [stderr]                                  at /rustc/ff34b919075f35a1787659e9c448a34b06bab8de/library/std/src/thread/mod.rs:480:30
[INFO] [stderr]     27:     0x558678f8c9be - core::ops::function::FnOnce::call_once{{vtable.shim}}::h14dc4d286eccdfff
[INFO] [stderr]                                  at /rustc/ff34b919075f35a1787659e9c448a34b06bab8de/library/core/src/ops/function.rs:227:5
[INFO] [stderr]     28:     0x558678fb0ce7 - <alloc::boxed::Box<F,A> as core::ops::function::FnOnce<Args>>::call_once::h3aa31cb6360b59d9
[INFO] [stderr]                                  at /rustc/ff34b919075f35a1787659e9c448a34b06bab8de/library/alloc/src/boxed.rs:1575:9
[INFO] [stderr]     29:     0x558678fb0ce7 - <alloc::boxed::Box<F,A> as core::ops::function::FnOnce<Args>>::call_once::h7719d3c7c5841461
[INFO] [stderr]                                  at /rustc/ff34b919075f35a1787659e9c448a34b06bab8de/library/alloc/src/boxed.rs:1575:9
[INFO] [stderr]     30:     0x558678fb0ce7 - std::sys::unix::thread::Thread::new::thread_start::hfbe13ead469fd0bc
[INFO] [stderr]                                  at /rustc/ff34b919075f35a1787659e9c448a34b06bab8de/library/std/src/sys/unix/thread.rs:71:17
[INFO] [stderr]     31:     0x7f439ef9c609 - start_thread
[INFO] [stderr]     32:     0x7f439eebd293 - clone
[INFO] [stderr]     33:                0x0 - <unknown>
[INFO] [stderr]   error[E0463]: can't find crate for `core`
[INFO] [stderr]     |
[INFO] [stderr]     = note: the `x86_64-unknown-linux-musl` target may not be installed
[INFO] [stderr]     = help: consider downloading the target with `rustup target add x86_64-unknown-linux-musl`
[INFO] [stderr]     = help: consider building the standard library from source with `cargo build -Zbuild-std`
[INFO] [stderr] 
[INFO] [stderr]   error: aborting due to previous error
[INFO] [stderr] 
[INFO] [stderr]   For more information about this error, try `rustc --explain E0463`.
[INFO] [stderr]   error: could not compile `cfg-if`
[INFO] [stderr] 
[INFO] [stderr]   To learn more, run the command again with --verbose.
[INFO] [stderr]   warning: build failed, waiting for other jobs to finish...
[INFO] [stderr]   error[E0463]: can't find crate for `std`
[INFO] [stderr]     |
[INFO] [stderr]     = note: the `x86_64-unknown-linux-musl` target may not be installed
[INFO] [stderr]     = help: consider downloading the target with `rustup target add x86_64-unknown-linux-musl`
[INFO] [stderr]     = help: consider building the standard library from source with `cargo build -Zbuild-std`
[INFO] [stderr] 
[INFO] [stderr]   error: aborting due to previous error
[INFO] [stderr] 
[INFO] [stderr]   For more information about this error, try `rustc --explain E0463`.
[INFO] [stderr]   error: build failed
[INFO] [stderr]   thread '<unnamed>' panicked at 'failed to execute "cargo" "build" "--release" "--target=x86_64-unknown-linux-musl"', build.rs:38:9
[INFO] [stderr]   stack backtrace:
[INFO] [stderr]      0:     0x558678fa98d0 - std::backtrace_rs::backtrace::libunwind::trace::hdcf4f90f85129e83
[INFO] [stderr]                                  at /rustc/ff34b919075f35a1787659e9c448a34b06bab8de/library/std/src/../../backtrace/src/backtrace/libunwind.rs:90:5
[INFO] [stderr]      1:     0x558678fa98d0 - std::backtrace_rs::backtrace::trace_unsynchronized::h2669e30cb82f6732
[INFO] [stderr]                                  at /rustc/ff34b919075f35a1787659e9c448a34b06bab8de/library/std/src/../../backtrace/src/backtrace/mod.rs:66:5
[INFO] [stderr]      2:     0x558678fa98d0 - std::sys_common::backtrace::_print_fmt::hfbda19e17f6db318
[INFO] [stderr]                                  at /rustc/ff34b919075f35a1787659e9c448a34b06bab8de/library/std/src/sys_common/backtrace.rs:67:5
[INFO] [stderr]      3:     0x558678fa98d0 - <std::sys_common::backtrace::_print::DisplayBacktrace as core::fmt::Display>::fmt::h1a8751bf59281272
[INFO] [stderr]                                  at /rustc/ff34b919075f35a1787659e9c448a34b06bab8de/library/std/src/sys_common/backtrace.rs:46:22
[INFO] [stderr]      4:     0x558678fc8a1f - core::fmt::write::h7aa6cd0067dca82a
[INFO] [stderr]                                  at /rustc/ff34b919075f35a1787659e9c448a34b06bab8de/library/core/src/fmt/mod.rs:1094:17
[INFO] [stderr]      5:     0x558678fa6f05 - std::io::Write::write_fmt::hd7dd3a1df9b6befb
[INFO] [stderr]                                  at /rustc/ff34b919075f35a1787659e9c448a34b06bab8de/library/std/src/io/mod.rs:1584:15
[INFO] [stderr]      6:     0x558678fab5fb - std::sys_common::backtrace::_print::h551e9ec8a9fa8106
[INFO] [stderr]                                  at /rustc/ff34b919075f35a1787659e9c448a34b06bab8de/library/std/src/sys_common/backtrace.rs:49:5
[INFO] [stderr]      7:     0x558678fab5fb - std::sys_common::backtrace::print::ha4b1c5e95fa040b3
[INFO] [stderr]                                  at /rustc/ff34b919075f35a1787659e9c448a34b06bab8de/library/std/src/sys_common/backtrace.rs:36:9
[INFO] [stderr]      8:     0x558678fab5fb - std::panicking::default_hook::{{closure}}::h0b34c9ab7fb9f857
[INFO] [stderr]                                  at /rustc/ff34b919075f35a1787659e9c448a34b06bab8de/library/std/src/panicking.rs:208:50
[INFO] [stderr]      9:     0x558678fab0dd - std::panicking::default_hook::h3067e8318decd17a
[INFO] [stderr]                                  at /rustc/ff34b919075f35a1787659e9c448a34b06bab8de/library/std/src/panicking.rs:225:9
[INFO] [stderr]     10:     0x558678fabbad - std::panicking::rust_panic_with_hook::h81b8facc50f34daa
[INFO] [stderr]                                  at /rustc/ff34b919075f35a1787659e9c448a34b06bab8de/library/std/src/panicking.rs:591:17
[INFO] [stderr]     11:     0x558678fab7a7 - std::panicking::begin_panic_handler::{{closure}}::ha376ab85d95a000e
[INFO] [stderr]                                  at /rustc/ff34b919075f35a1787659e9c448a34b06bab8de/library/std/src/panicking.rs:497:13
[INFO] [stderr]     12:     0x558678fa9d8c - std::sys_common::backtrace::__rust_end_short_backtrace::h6795c8afdd1a77e6
[INFO] [stderr]                                  at /rustc/ff34b919075f35a1787659e9c448a34b06bab8de/library/std/src/sys_common/backtrace.rs:141:18
[INFO] [stderr]     13:     0x558678fab709 - rust_begin_unwind
[INFO] [stderr]                                  at /rustc/ff34b919075f35a1787659e9c448a34b06bab8de/library/std/src/panicking.rs:493:5
[INFO] [stderr]     14:     0x558678f83bcb - std::panicking::begin_panic_fmt::hf43a0025042538e2
[INFO] [stderr]                                  at /rustc/ff34b919075f35a1787659e9c448a34b06bab8de/library/std/src/panicking.rs:435:5
[INFO] [stderr]     15:     0x558678f851b3 - build_script_build::run::h37ada74262433dd1
[INFO] [stderr]                                  at /opt/rustwide/workdir/build.rs:38:9
[INFO] [stderr]     16:     0x558678f87736 - build_script_build::build_stage2::he2591ca1b26ff17e
[INFO] [stderr]                                  at /opt/rustwide/workdir/build.rs:132:5
[INFO] [stderr]     17:     0x558678f8caa9 - core::ops::function::FnOnce::call_once::hfa50343c892c8b3f
[INFO] [stderr]                                  at /rustc/ff34b919075f35a1787659e9c448a34b06bab8de/library/core/src/ops/function.rs:227:5
[INFO] [stderr]     18:     0x558678f8c439 - std::sys_common::backtrace::__rust_begin_short_backtrace::h65af6fac804bbb4a
[INFO] [stderr]                                  at /rustc/ff34b919075f35a1787659e9c448a34b06bab8de/library/std/src/sys_common/backtrace.rs:125:18
[INFO] [stderr]     19:     0x558678f91206 - std::thread::Builder::spawn_unchecked::{{closure}}::{{closure}}::hff366ec51ae84f0e
[INFO] [stderr]                                  at /rustc/ff34b919075f35a1787659e9c448a34b06bab8de/library/std/src/thread/mod.rs:481:17
[INFO] [stderr]     20:     0x558678f92ed9 - <std::panic::AssertUnwindSafe<F> as core::ops::function::FnOnce<()>>::call_once::h7b3f7bfe241ca292
[INFO] [stderr]                                  at /rustc/ff34b919075f35a1787659e9c448a34b06bab8de/library/std/src/panic.rs:344:9
[INFO] [stderr]     21:     0x558678f8c82c - std::panicking::try::do_call::h29016424f22afaad
[INFO] [stderr]                                  at /rustc/ff34b919075f35a1787659e9c448a34b06bab8de/library/std/src/panicking.rs:379:40
[INFO] [stderr]     22:     0x558678f8e09d - __rust_try
[INFO] [stderr]     23:     0x558678f8c7a1 - std::panicking::try::h8c719376d95d9f26
[INFO] [stderr]                                  at /rustc/ff34b919075f35a1787659e9c448a34b06bab8de/library/std/src/panicking.rs:343:19
[INFO] [stderr]     24:     0x558678f93279 - std::panic::catch_unwind::h5673c8169d3e5399
[INFO] [stderr]                                  at /rustc/ff34b919075f35a1787659e9c448a34b06bab8de/library/std/src/panic.rs:431:14
[INFO] [stderr]     25:     0x558678f9102a - std::thread::Builder::spawn_unchecked::{{closure}}::h8f5706f6f7ce8468
[INFO] [stderr]                                  at /rustc/ff34b919075f35a1787659e9c448a34b06bab8de/library/std/src/thread/mod.rs:480:30
[INFO] [stderr]     26:     0x558678f8c9fe - core::ops::function::FnOnce::call_once{{vtable.shim}}::h84683875232958a7
[INFO] [stderr]                                  at /rustc/ff34b919075f35a1787659e9c448a34b06bab8de/library/core/src/ops/function.rs:227:5
[INFO] [stderr]     27:     0x558678fb0ce7 - <alloc::boxed::Box<F,A> as core::ops::function::FnOnce<Args>>::call_once::h3aa31cb6360b59d9
[INFO] [stderr]                                  at /rustc/ff34b919075f35a1787659e9c448a34b06bab8de/library/alloc/src/boxed.rs:1575:9
[INFO] [stderr]     28:     0x558678fb0ce7 - <alloc::boxed::Box<F,A> as core::ops::function::FnOnce<Args>>::call_once::h7719d3c7c5841461
[INFO] [stderr]                                  at /rustc/ff34b919075f35a1787659e9c448a34b06bab8de/library/alloc/src/boxed.rs:1575:9
[INFO] [stderr]     29:     0x558678fb0ce7 - std::sys::unix::thread::Thread::new::thread_start::hfbe13ead469fd0bc
[INFO] [stderr]                                  at /rustc/ff34b919075f35a1787659e9c448a34b06bab8de/library/std/src/sys/unix/thread.rs:71:17
[INFO] [stderr]     30:     0x7f439ef9c609 - start_thread
[INFO] [stderr]     31:     0x7f439eebd293 - clone
[INFO] [stderr]     32:                0x0 - <unknown>
[INFO] [stderr]   thread 'main' panicked at 'stage2 failed to build: Any { .. }', build.rs:150:19
[INFO] [stderr]   stack backtrace:
[INFO] [stderr]      0:     0x558678fa98d0 - std::backtrace_rs::backtrace::libunwind::trace::hdcf4f90f85129e83
[INFO] [stderr]                                  at /rustc/ff34b919075f35a1787659e9c448a34b06bab8de/library/std/src/../../backtrace/src/backtrace/libunwind.rs:90:5
[INFO] [stderr]      1:     0x558678fa98d0 - std::backtrace_rs::backtrace::trace_unsynchronized::h2669e30cb82f6732
[INFO] [stderr]                                  at /rustc/ff34b919075f35a1787659e9c448a34b06bab8de/library/std/src/../../backtrace/src/backtrace/mod.rs:66:5
[INFO] [stderr]      2:     0x558678fa98d0 - std::sys_common::backtrace::_print_fmt::hfbda19e17f6db318
[INFO] [stderr]                                  at /rustc/ff34b919075f35a1787659e9c448a34b06bab8de/library/std/src/sys_common/backtrace.rs:67:5
[INFO] [stderr]      3:     0x558678fa98d0 - <std::sys_common::backtrace::_print::DisplayBacktrace as core::fmt::Display>::fmt::h1a8751bf59281272
[INFO] [stderr]                                  at /rustc/ff34b919075f35a1787659e9c448a34b06bab8de/library/std/src/sys_common/backtrace.rs:46:22
[INFO] [stderr]      4:     0x558678fc8a1f - core::fmt::write::h7aa6cd0067dca82a
[INFO] [stderr]                                  at /rustc/ff34b919075f35a1787659e9c448a34b06bab8de/library/core/src/fmt/mod.rs:1094:17
[INFO] [stderr]      5:     0x558678fa6f05 - std::io::Write::write_fmt::hd7dd3a1df9b6befb
[INFO] [stderr]                                  at /rustc/ff34b919075f35a1787659e9c448a34b06bab8de/library/std/src/io/mod.rs:1584:15
[INFO] [stderr]      6:     0x558678fab5fb - std::sys_common::backtrace::_print::h551e9ec8a9fa8106
[INFO] [stderr]                                  at /rustc/ff34b919075f35a1787659e9c448a34b06bab8de/library/std/src/sys_common/backtrace.rs:49:5
[INFO] [stderr]      7:     0x558678fab5fb - std::sys_common::backtrace::print::ha4b1c5e95fa040b3
[INFO] [stderr]                                  at /rustc/ff34b919075f35a1787659e9c448a34b06bab8de/library/std/src/sys_common/backtrace.rs:36:9
[INFO] [stderr]      8:     0x558678fab5fb - std::panicking::default_hook::{{closure}}::h0b34c9ab7fb9f857
[INFO] [stderr]                                  at /rustc/ff34b919075f35a1787659e9c448a34b06bab8de/library/std/src/panicking.rs:208:50
[INFO] [stderr]      9:     0x558678fab0dd - std::panicking::default_hook::h3067e8318decd17a
[INFO] [stderr]                                  at /rustc/ff34b919075f35a1787659e9c448a34b06bab8de/library/std/src/panicking.rs:225:9
[INFO] [stderr]     10:     0x558678fabbad - std::panicking::rust_panic_with_hook::h81b8facc50f34daa
[INFO] [stderr]                                  at /rustc/ff34b919075f35a1787659e9c448a34b06bab8de/library/std/src/panicking.rs:591:17
[INFO] [stderr]     11:     0x558678fab7a7 - std::panicking::begin_panic_handler::{{closure}}::ha376ab85d95a000e
[INFO] [stderr]                                  at /rustc/ff34b919075f35a1787659e9c448a34b06bab8de/library/std/src/panicking.rs:497:13
[INFO] [stderr]     12:     0x558678fa9d8c - std::sys_common::backtrace::__rust_end_short_backtrace::h6795c8afdd1a77e6
[INFO] [stderr]                                  at /rustc/ff34b919075f35a1787659e9c448a34b06bab8de/library/std/src/sys_common/backtrace.rs:141:18
[INFO] [stderr]     13:     0x558678fab709 - rust_begin_unwind
[INFO] [stderr]                                  at /rustc/ff34b919075f35a1787659e9c448a34b06bab8de/library/std/src/panicking.rs:493:5
[INFO] [stderr]     14:     0x558678f842e1 - core::panicking::panic_fmt::hbe99dddd3092ba3c
[INFO] [stderr]                                  at /rustc/ff34b919075f35a1787659e9c448a34b06bab8de/library/core/src/panicking.rs:92:14
[INFO] [stderr]     15:     0x558678f84373 - core::result::unwrap_failed::hf79563fef9d11ab8
[INFO] [stderr]                                  at /rustc/ff34b919075f35a1787659e9c448a34b06bab8de/library/core/src/result.rs:1355:5
[INFO] [stderr]     16:     0x558678f93cf2 - core::result::Result<T,E>::expect::h8ba033292e5cea0b
[INFO] [stderr]                                  at /rustc/ff34b919075f35a1787659e9c448a34b06bab8de/library/core/src/result.rs:997:23
[INFO] [stderr]     17:     0x558678f87c47 - build_script_build::main::h465ab8dac6af6199
[INFO] [stderr]                                  at /opt/rustwide/workdir/build.rs:150:5
[INFO] [stderr]     18:     0x558678f8ca6b - core::ops::function::FnOnce::call_once::h95c540e25c0ef99d
[INFO] [stderr]                                  at /rustc/ff34b919075f35a1787659e9c448a34b06bab8de/library/core/src/ops/function.rs:227:5
[INFO] [stderr]     19:     0x558678f8c47e - std::sys_common::backtrace::__rust_begin_short_backtrace::h663427363a9830bc
[INFO] [stderr]                                  at /rustc/ff34b919075f35a1787659e9c448a34b06bab8de/library/std/src/sys_common/backtrace.rs:125:18
[INFO] [stderr]     20:     0x558678f8b941 - std::rt::lang_start::{{closure}}::h646b906f231f78c0
[INFO] [stderr]                                  at /rustc/ff34b919075f35a1787659e9c448a34b06bab8de/library/std/src/rt.rs:49:18
[INFO] [stderr]     21:     0x558678fabfaa - core::ops::function::impls::<impl core::ops::function::FnOnce<A> for &F>::call_once::h3b8c329143d7638a
[INFO] [stderr]                                  at /rustc/ff34b919075f35a1787659e9c448a34b06bab8de/library/core/src/ops/function.rs:259:13
[INFO] [stderr]     22:     0x558678fabfaa - std::panicking::try::do_call::h4b72c261b4eefc1b
[INFO] [stderr]                                  at /rustc/ff34b919075f35a1787659e9c448a34b06bab8de/library/std/src/panicking.rs:379:40
[INFO] [stderr]     23:     0x558678fabfaa - std::panicking::try::h703d31b7896cbd49
[INFO] [stderr]                                  at /rustc/ff34b919075f35a1787659e9c448a34b06bab8de/library/std/src/panicking.rs:343:19
[INFO] [stderr]     24:     0x558678fabfaa - std::panic::catch_unwind::h37cad9b35388a915
[INFO] [stderr]                                  at /rustc/ff34b919075f35a1787659e9c448a34b06bab8de/library/std/src/panic.rs:431:14
[INFO] [stderr]     25:     0x558678fabfaa - std::rt::lang_start_internal::hab5a8a909af4f90e
[INFO] [stderr]                                  at /rustc/ff34b919075f35a1787659e9c448a34b06bab8de/library/std/src/rt.rs:34:21
[INFO] [stderr]     26:     0x558678f8b920 - std::rt::lang_start::h8df8095143494994
[INFO] [stderr]                                  at /rustc/ff34b919075f35a1787659e9c448a34b06bab8de/library/std/src/rt.rs:48:5
[INFO] [stderr]     27:     0x558678f87d4c - main
[INFO] [stderr]     28:     0x7f439edc20b3 - __libc_start_main
[INFO] [stderr]     29:     0x558678f849de - _start
[INFO] [stderr]     30:                0x0 - <unknown>
[INFO] [stderr] warning: build failed, waiting for other jobs to finish...
[INFO] [stderr] error: build failed
[INFO] running `Command { std: "docker" "inspect" "aed31bc61a6bb39ba87597e3d2d4f955f215c7e89eef0faa95164c2f0b9ed9f5", kill_on_drop: false }`
[INFO] running `Command { std: "docker" "rm" "-f" "aed31bc61a6bb39ba87597e3d2d4f955f215c7e89eef0faa95164c2f0b9ed9f5", kill_on_drop: false }`
[INFO] [stdout] aed31bc61a6bb39ba87597e3d2d4f955f215c7e89eef0faa95164c2f0b9ed9f5
